6. Let j be 4/(((-4)/d)/1). Suppose 37 = 4*q - j. Is q a prime number?
False
Suppose -3*a = m + 6, 0 = -0*m - m + a + 6. Is 1*(891 + m/((-12)/8)) prime?
False
Let q be ((-361)/2)/(2/(-8)). Suppose 0 = 5*n + 4*o + 1871, q - 2573 = 5*n - o. Is n/(-7) + 0/(-2) composite?
False
Let d(g) be the second derivative of g**7/1260 - g**6/144 + 3*g**5/40 + 5*g**4/12 - 10*g. Let s(i) be the third derivative of d(i). Is s(14) composite?
False
Suppose -12 = 3*s - 99. Let t = 228 + s. Is t a prime number?
True
Is 11392596/1036 + 2*2/14 a prime number?
False
Let p = -3 + 5. Suppose p*c = 10 - 4. Suppose 2*d - c*d + 179 = 0. Is d prime?
True
Let m(j) = 50*j + 17. Let v be m(19). Let i = 6 + v. Is i prime?
False
Is 16144/(-80)*-5*1 composite?
False
Let j = -66 - -38. Let o = 75 + j. Suppose 0 = 3*r - g - 240, r - g - o = 35. Is r prime?
True
Let u(b) = 4*b**2 + 8*b - 7. Let t be u(6). Suppose 5*q - v = t, v = 4*q + 5*v - 148. Is q prime?
True
Let c(r) = 30*r**3 - 3*r**2 - r - 2. Let j(y) = 30*y**3 - 2*y**2 - 2*y - 1. Let w = 18 + -20. Let i(o) = w*c(o) + 3*j(o). Is i(2) prime?
True
Suppose -5971 = -y + 7938. Is y prime?
False
Let w(j) = 116*j + 7. Let y(v) = 347*v + 21. Let s(r) = -17*w(r) + 6*y(r). Is s(4) composite?
True
Let r(m) be the third derivative of -83*m**5/30 - m**4/24 + m**3 + 3*m**2. Let t(c) be the first derivative of r(c). Is t(-1) a prime number?
True
Suppose s = -1 - 3, 4*x - 28 = 2*s. Suppose o - 396 = -2*l + 427, 2070 = 5*l + x*o. Is l composite?
False
Let p be (6 + -1)*(-48)/(-10). Let r(y) = -10 - 15*y - 4 - p*y + 1. Is r(-10) a prime number?
False
Suppose 2*i + 3*h - 11402 = -h, -4*i - 2*h = -22804. Is i a composite number?
False
Let j(f) = 72*f**2 + 100*f - 3. Is j(-10) composite?
False
Let u = 45 + -25. Let y be (44/u + -3)*10. Is (10/y)/((-3)/2676) composite?
True
Let f = 75417 - 45272. Is f a composite number?
True
Is (7/28)/(((-16)/(-4))/332624) a composite number?
False
Is (-10)/(-12) - (5 + (-3206538)/108) composite?
True
Let l be 1*-1 + (9 - 6). Suppose 7*g - 2*g = -l*v - 502, 980 = -4*v - 4*g. Let o = v - -494. Is o a composite number?
True
Let q be ((-418)/(-57))/(4/(-30)). Is ((-31658)/q)/(4/10) prime?
True
Let p(c) = 46*c**3 + c**2 + 22*c - 13. Is p(6) a composite number?
False
Let f be ((-13792)/12)/((-2)/(-9)). Suppose 5*q - 99 = -9. Is (f/q)/((-6)/9) prime?
True
Suppose -20*x + 61767 = -109253. Is x a composite number?
True
Suppose 137*i - 120749 = 595350. Is i prime?
True
Let z(o) be the first derivative of 2/3*o**3 - 5 - 8*o - 7/2*o**2. Is z(-7) a composite number?
False
Let p(u) = 2*u - 9. Suppose -3*t = 2*g - 17, 47 = t + 2*t - 4*g. Let n be p(t). Is 2 + n - (-1 - -1) a composite number?
False
Let v be (1 - -2) + 2/1. Suppose -v*o = 4*t - 3*o - 1424, -5*t + 1786 = 4*o. Is 4/8 + t/4 a composite number?
False
Suppose -10*i + 90 = -10. Suppose -12*g + i*g = -12. Is g a prime number?
False
Let q = 1610 + 621. Is q a prime number?
False
Let z be (-21)/(-6)*10 + 3. Is 5702/18 - z/(-171) a prime number?
True
Let f(j) = 1. Let p(s) = -s**2 - 17. Let m(z) = 4*f(z) - p(z). Suppose 0*r = 2*r. Is m(r) composite?
True
Let d(g) = 3*g**3 - 3*g**2 + 7*g. Let u be d(5). Let o = u + -84. Is o a prime number?
True
Let v(x) = -x**2 + 5*x + 4. Let l be v(3). Suppose 2*n + l*n - 14052 = 0. Is n a prime number?
True
Let r(o) = 11*o**2 - 13. Suppose 5*d = 2*b + 2*d + 26, 4*b - 4*d = -48. Is r(b) prime?
True
Let l = -2545 + 5048. Is l prime?
True
Is (-1927260)/(-396) - (-2)/11 a composite number?
True
Let c(o) = 153*o + 4. Let h(r) = -152*r - 3. Let i(w) = -3*c(w) - 4*h(w). Let p be i(1). Let d = p - 62. Is d prime?
False
Let h(a) be the second derivative of 7/6*a**3 - 15/2*a**2 - 1/20*a**5 + 0 + 7/6*a**4 - 4*a. Is h(14) prime?
True
Let q(h) = -161*h**3 - h**2 + 5*h - 4. Is q(-3) a prime number?
False
Is (6/4)/(96/8403008) prime?
True
Suppose 10*l - 47842 - 115268 = 0. Is l a composite number?
True
Let d = 26817 + -15160. Is d composite?
False
Let m = -16 - -23. Let p be (-6)/6 + m + -2. Suppose 0 = -p*l + 319 + 397. Is l composite?
False
Suppose 4*h = 5*i - 8, 0*h = 2*i + 2*h - 14. Is i + 86 + 3 + -4 a prime number?
True
Let k = 68 + -83. Let c(j) = -j**3 - 13*j**2 - 16*j - 11. Is c(k) a prime number?
False
Let t be 3 - (-4 - 0/(-2)). Suppose t*z - 16 = 3*z. Suppose 16 + 95 = l + z*m, l - 120 = -m. Is l a prime number?
False
Suppose 2*y = 66*z - 71*z + 48799, -3*z - 122044 = -5*y. Is y composite?
False
Suppose 6*l - 12080 = -4166. Is l composite?
False
Suppose -3*t - 12 = 0, -t = -3*p - p + 1640. Suppose p - 1252 = -s. Is s composite?
True
Suppose 12*x + 18710 = 22*x. Is x composite?
False
Suppose -4*j + 11 = -0*j - 3*c, 3*j + c = -8. Is ((-7)/((-98)/2933))/(j/(-2)) a prime number?
True
Suppose 0 = -10*w + 8*w - 4*k + 3362, -1696 = -w - 5*k. Is w composite?
True
Let l = 34259 - 24282. Is l a composite number?
True
Suppose 5 = -0*z + 5*z, 3*z + 107705 = 4*q. Is q a prime number?
True
Suppose -3*u + j = 10 + 5, 4*u + 10 = -2*j. Is u/(-30) - (-4166)/30 prime?
True
Is ((-1077)/2)/(73/(-146)) a composite number?
True
Let a(o) = 431*o**3 - o**2 - o + 4. Is a(3) composite?
True
Let v = -6029 - -15088. Is v a composite number?
False
Let a = -8 - -12. Let i be a/8*0 + 4. Suppose -2*d - 170 = -i*d. Is d prime?
False
Let b = 2761 - 1892. Is b composite?
True
Is 8/(-16)*(-3 - 4099) a composite number?
True
Let n(x) = 4*x**2 - 15*x - 226. Is n(21) composite?
False
Let u(z) = 55*z**3 + 3*z**2 + 11*z - 2. Let b(k) = -28*k**3 - 2*k**2 - 6*k + 1. Let c(n) = 7*b(n) + 4*u(n). Let q = -2 - -3. Is c(q) a prime number?
True
Let d(c) = -c**3 - 12*c**2 - 11*c + 4. Let u be d(-11). Suppose -3846 = -u*t - 2*t. Is t composite?
False
Let p(f) = 10*f**2 + 8*f - 13. Is p(8) composite?
False
Suppose 0 = 13*g - 102007 + 8498. Is g a composite number?
False
Suppose -7945 = g + 2*g + 4*i, -2*i - 7949 = 3*g. Let r = 4162 + g. Is r a composite number?
False
Suppose 11*x + 9621 = 41488. Is x a composite number?
False
Let w be 0 + 3 + -2 + -1 - 0. Suppose -4*p + 0*p + 5883 = a, w = -2*p - a + 2941. Is p composite?
False
Let c be (-550)/(-45) + (-6)/27. Let b be -22*(-3)/c*2. Suppose s + 1 = b. Is s composite?
True
Let a be 1184 + (-20)/5 - -1. Suppose 0 = 3*v - 1180 - a. Is v prime?
True
Suppose 2*r = -b + 79899, -r + 104185 = 2*b - 55613. Is b a composite number?
True
Let y be ((-3)/15)/(2/(-50)). Suppose y*f - 165 = -0*f. Is f a composite number?
True
Let w(p) = -p**2 + p + 1. Suppose -2*v - 3*v - 15 = 0. Let l(r) = -5*r**2 - 2*r - 7. Let n(s) = v*w(s) - l(s). Is n(-3) a prime number?
True
Let b(c) = -8*c**3 + 17*c**2 + 19*c - 11. Is b(-7) prime?
True
Let n be -3 - (-8 + 3)*1. Suppose 1228 = 2*y + n*y. Is y composite?
False
Suppose -381*r = -371*r - 208030. Is r a prime number?
False
Let k(x) = 2*x + 0*x - 10 + 12 + 223*x**2. Is k(-1) a composite number?
False
Suppose -4*x + 16 = 0, -2*x + 36 = -3*y + 7. Is 751*(3 + y/((-28)/(-8))) a composite number?
False
Suppose -2*s + 4*f = -4*s + 568, 3*s + 2*f - 860 = 0. Suppose s = u - c, 0 - 3 = 3*c. Suppose 2*l - 5*z = u, 2*l + 5*z - 18 = 219. Is l prime?
True
Let c(f) = 9*f**3 + 15*f**2 - 35*f - 2. Let i(w) = 3*w**3 + 5*w**2 - 12*w - 1. Let a(d) = 6*c(d) - 17*i(d). Is a(3) a composite number?
False
Suppose 17*b - 12*b = t - 1779, 2*b = -4. Is t composite?
True
Let y(j) = 76*j**2 - 3*j - 11. Is y(-6) a prime number?
False
Let b = -55 + 45. Let p(a) = -160*a - 69. Is p(b) composite?
False
Let f be (-16472)/(-12) - 12/18. Suppose 0 = 4*h + 2*z - f - 2042, -871 = -h - 4*z. Is h composite?
True
Let s(b) = b**2 + 12*b + 27. Let d be s(-9). Suppose -5*f + 3*h + 1702 = -d*h, 5*f - 1709 = -4*h. Is f a composite number?
True
Let s be 2*(4 + 52/8). Suppose -s = -5*t - 6. Suppose -t*w - 6*i + 143 = -2*i, 2*w - 101 = 3*i. Is w a composite number?
True
Let c = 11 - 7. Let t(k) = 7*k + 2*k**3 + 0*k**2 - 15 - 2*k**2 + 10. Is t(c) prime?
False
Let h = -5947 - -8331. Suppose -3*g - h = -2*g. Is g/(-6) - 6/18 a prime number?
True
Let s(z) = 5*z**2 + z**3 + 8 - 2*z - 6*z**2 - 5. Let v be s(2). Let p(l) = 55*l**3 - 2*l**2 + l + 1. Is p(v) prime?
True
Suppose 2*t + 3*y - 5*y + 32 = 0, 3*t + y + 32 = 0. Is 3/t + 13643/28 a prime number?
True
Let p = -437 - -730. Suppose -b - s + 287 = 0, b + 3*s = -0*s + p. Let d = 803 + b. Is d prime?
True
Let l(c) = 367